 -2*h**2 + 5*h + 2. Let w(y) = 5*d(y) + 2*p(y). Let o = 4033 + -4027. Give w(o).
5
Let p(h) = -2*h**2 - 1. Let w be 2 - 3/(-2)*6. Let r be 9/(1 + (-25)/20 + 1). Let k = w - r. What is p(k)?
-3
Let t(m) = -6*m + 6. Let v(w) = 2*w + 1. Let a(f) = -t(f) - 4*v(f). Give a(-4).
-2
Let n(c) be the third derivative of -c**6/720 - c**5/30 + c**4/6 + 4*c**2. Let a(o) be the second derivative of n(o). Let g = -37 + 33. Give a(g).
0
Suppose -22*v = 13*v - 35. Let r(y) be the second derivative of -5*y**4/12 - y**3/6 + y**2/2 - 2*y. Determine r(v).
-5
Let f = 13 - 8. Let i(y) be the second derivative of -2*y**3/3 + 3*y**2 - 32*y - 23. Determine i(f).
-14
Let t be -4 - ((-3 - 0) + 2). Let m(u) be the first derivative of -u**3/3 - 5*u**2/2 + 184. Let r be m(t). Let p(l) = l**3 - 6*l**2 - l + 2. Give p(r).
-4
Let o(b) = 6*b**3 - 1. Let x be o(1). Let n(q) = q**3 + 7*q**2 + 5*q - 4. Let m be n(-6). Let j(w) = 2 + m*w - 8*w + 5*w. Determine j(x).
-3
Let d(s) = -4 + 0*s - s - s + 2*s - 2*s. Calculate d(-8).
12
Let x(m) be the third derivative of -1/24*m**4 + 0*m**3 + 0*m + 13*m**2 + 1/60*m**5 + 0. Let t = 1 + -3. Determine x(t).
6
Let f(a) = 29*a**3 + 3*a**2 - 5*a**3 - 12*a**3 - 11*a**3 - 6*a + 2. What is f(2)?
10
Let d be 0 - -3 - 10*7/35. Let o(i) = -12*i**2 + i - 1. What is o(d)?
-12
Let s be (0/4)/2 - -3. Let o(k) = k + 7 + s + 3 - 6. What is o(6)?
13
Suppose 2*s + 10 = 4*s + 2*k, -5*k = -5*s - 5. Suppose s*c + 87 = 81. Let m(b) = 2*b - 2. What is m(c)?
-8
Let h(m) = -m**3 + 6*m**2 - 4*m - 1. Let j(q) = -q**2 + 2*q + 7. Let c(x) = -x**2 + 2*x + 3. Let o be c(0). Let n be j(o). Calculate h(n).
15
Let n(u) = 2*u**2 + 3*u - 5. Let h(p) = p**3 - 2*p**2 + p + 4. Let c(m) = m**3 - 3*m**2 + m + 5. Let i(v) = 6*c(v) - 7*h(v). Let a be i(-3). What is n(a)?
15
Suppose -32 = 8*f - 3*f + 2*o, 2*f - 2*o = -24. Let w(l) = 14*l - 29. Let t(m) = -5*m + 10. Let a(s) = -17*t(s) - 6*w(s). Determine a(f).
-4
Let c(w) be the second derivative of w**4/6 + w**3 - 11*w**2/2 + 124*w. What is c(-6)?
25
Let r(j) = 11*j**2 + 18*j - 9. Let f(g) = 3*g**2 + 6*g - 3. Let i(m) = -7*f(m) + 2*r(m). Give i(7).
10
Let l(h) be the second derivative of -h**3/6 - 20*h**2 - 8*h. Let s be l(-28). Let n(a) = -a - 14. Determine n(s).
-2
Let j(q) be the third derivative of 10*q**2 + 1/120*q**6 + 3/8*q**4 - 4/3*q**3 - 7/60*q**5 + 0*q + 0. What is j(6)?
10
Suppose -5*l - 5 = -0*l. Let y be (13 - 13)*1*l. Let z(b) = b**2 + b - 6. Calculate z(y).
-6
Let d(v) = v**3 - 6*v**2 + 6*v - 1. Let o be d(5). Let u(f) = 4*f**2 - 2 - 9*f - 3*f**2 - f + 7*f. Calculate u(o).
2
Suppose 0 = 2*z + 37 + 35. Let f be (-22)/18 - 8/z - -6. Let x(u) = -u**3 + 4*u**2 + 5*u - 2. What is x(f)?
-2
Let r(b) = -2*b. Suppose -3*n + 5*q - 61 = 7, n + 3*q + 4 = 0. Let a be 1 + 2 + n/2. Let u(p) = -4*p - 1. Let s(m) = a*r(m) + 2*u(m). What is s(2)?
2
Let b(y) = -2*y - 7. Let m be b(-5). Let i(s) = -s + 2*s + s**2 + 0*s - 4 - s**m. Suppose -3*x + 19 = 5*v, -9*x + 3*v - 15 = -12*x. Give i(x).
-19
Let m(h) be the third derivative of 7*h**4/24 + h**3/3 + 15*h**2. Give m(-2).
-12
Let h(f) be the first derivative of f**3/3 + 3*f**2 - 4*f - 136. Determine h(-8).
12
Let n(w) = -66*w**3 + 5*w**2 + w - 8. Let j(b) = -53*b**3 + 5*b**2 - 7. Let c(f) = -5*j(f) + 4*n(f). Determine c(4).
3
Let q(p) be the third derivative of -p**6/120 + p**5/10 - p**4/8 - 7*p**3/6 - 2*p**2. Let h = -2727 + 2732. Determine q(h).
3
Let u(b) be the second derivative of -b**3/2 - 8*b**2 + 49*b. Give u(-7).
5
Let q(f) = -7264 - 11*f + 2435 - 2*f**2 + 2434 + 2414. Give q(-7).
-2
Let n(q) = q**2 - 2*q + 2. Let u(z) = -4*z**2 + 18*z - 6. Let r be u(4). What is n(r)?
2
Let h(v) = -v**2 + 4*v + 5. Suppose 2*f - 2*p - 6 = 0, -4*f + f - 3*p = -15. Determine h(f).
5
Let m(v) = -43*v**3 - 5*v**2 + 42*v**3 - 5 + v + 2. Suppose 4*i - f + 0*f = -15, -2*f = -4*i - 10. Calculate m(i).
-8
Let b(v) be the second derivative of -v**3/3 - 7*v**2/2 - 26*v. Let d(i) = -2*i + 3. Let q(t) = 5*t**2 + t. Let f be q(-1). Let j be d(f). What is b(j)?
3
Let f(b) = -7*b**2 + 3 + 120*b + 117*b - 235*b. Calculate f(-1).
-6
Let m(q) be the second derivative of q**6/120 - q**5/20 - q**4/8 - q**3/2 + 21*q**2 - 15*q. Let d(a) be the first derivative of m(a). Determine d(3).
-12
Let o(q) = q**3 + 8*q**2 + 10*q + 26. Let c be -53 + 57 + (-3 - 8). Give o(c).
5
Let a be 3*35/15 + 0/1. Suppose 35 = -0*j + a*j. Let v(s) = s**3 - 6*s**2 + 7*s - 7. Calculate v(j).
3
Let g(w) = 5*w**2. Let z be g(1). Let v(q) = -5*q**3 + 9*q + 2. Let b(y) = y**3 - y + 2*y**3 - 2*y**3 + y**2. Let d(j) = 4*b(j) + v(j). Calculate d(z).
2
Suppose -34 = -h - 28. Let c(q) = 2*q**2 - 10*q + 3. Give c(h).
15
Let c(u) = u**2 + 5*u + 3. Let z(d) be the first derivative of -d**3/3 + 5*d**2 - 10*d + 8. Let n be z(7). Let a = n + -13. Give c(a).
-3
Let c(w) = w**2 + 3*w - 6. Let z(o) = 2*o**2 - 55*o + 21. Let t be z(27). What is c(t)?
12
Let z = 590 + -596. Let y(b) be the third derivative of -b**4/24 - 5*b**2. What is y(z)?
6
Let m(l) be the third derivative of l**6/120 + l**5/10 - 5*l**4/24 + 5*l**3/3 - 29*l**2. Determine m(-7).
-4
Let m(r) = -6*r**3 - 5*r**2 + 3*r + 10. Let f(i) = -9*i**3 + 1 - i**3 + 9*i**3 - i. Let z(g) = 5*f(g) - m(g). Give z(-6).
7
Let d(q) = -q**3 + 6*q**2 - 4*q - 4. Let g be d(5). Let t(o) = 23*o + 1. Give t(g).
24
Suppose 0 = -9*o + 4*o - 35. Let n be (-74)/(-259) - 2/o*13. Let z(h) = h**2 - h + 2. Give z(n).
14
Let y(v) = v**2 + 6*v + 5. Let u(j) = -j + 1. Let n(f) = -9*f + 12. Let p(t) = -n(t) + 15*u(t). Let h be p(4). Let m = h - -17. What is y(m)?
-3
Suppose 0 = 3*h - 7 + 4. Let v(j) = -j**2 - 2*j**2 - 3*j**2 - j + 0*j + h. What is v(1)?
-6
Let w = 11 - 8. Let j(o) = -2*o**2 - 6*o + 10. Let p(g) = 2*g**2 + 5*g - 9. Let f(u) = -6*j(u) - 7*p(u). What is f(w)?
-12
Let m(p) = -3*p - 9 - p**2 + p - 3*p. Let w be (5/(-1))/(-4*4/(-16)). Let b(d) = -d**3 - 5*d**2 + d - 1. Let s be b(w). Give m(s).
-15
Let h be -1*1*(-3 + -6). Let n(l) = -4*l - 13 + 13*l**3 - 7*l**2 - 14*l + l. Let t(s) = -3*s**3 + 2*s**2 + 4*s + 3. Let i(f) = h*t(f) + 2*n(f). Calculate i(4).
9
Let p(z) be the third derivative of -z**6/120 - z**5/15 + z**4/3 + 5*z**3/6 - 3*z**2 - 15*z. Give p(-5).
-10
Suppose 2 + 1 = 3*d. Let l(w) = w**3 + w**2 + w - 1. Let x be l(d). Let m(q) = -7*q**2 + 2*q**2 + 4*q**x. Give m(1).
-1
Let k(n) = 6 - 1 - n**2 + 4 + 10*n - 3. Let j(g) = -3 - 2 - 6*g**2 - 6*g**2 + 14*g**2 - 11*g. Let o(h) = 2*j(h) + 3*k(h). Give o(-7).
1
Let o(h) = -3*h - 24. Let u be ((-4)/(-14) - 282/(-42))*-1. Give o(u).
-3
Suppose -2*a + 4*a + 50 = 0. Let u = a + 26. Let f(l) = 11*l**3 + l**2 - 1. Determine f(u).
11
Suppose 0 = 7*s + 335 - 83. Let w = s + 35. Let f(g) = 6*g**2 - 1. Let h(k) = -7*k**2 + 1. Let d(m) = -5*f(m) - 4*h(m). What is d(w)?
-1
Let m(h) be the third derivative of -7*h**4/24 + 41*h**3/6 + 11*h**2. Let q be m(5). Let z(t) = t - 1. Give z(q).
5
Let o(r) = -49*r + 59. Let j be o(1). Let g(h) = -h + 15. What is g(j)?
5
Let t(z) be the third derivative of -z**5/60 + z**4/6 - 3*z**3/2 - 18*z**2. Let c be t(3). Let j(x) = x + 4. Calculate j(c).
-2
Let g(l) = -2*l - 6. Suppose 0 = -13*z + 15*z + 10. Let v(w) = -2*w - 7. Let d(p) = z*v(p) + 6*g(p). What is d(3)?
-7
Let n(y) = 3*y + 7. Suppose 3*c + 19 = b - 7, 5*b = 2*c + 39. Let t be 7*48/(-32)*(-4)/c. Calculate n(t).
-11
Suppose -29 = 5*t + 11. Let i = t + 8. Let v(b) = -b**2 + 8*b - 7. Let k(f) = f**2 - 7*f + 6. Let x(u) = 7*k(u) + 6*v(u). Give x(i).
0
Let h(l) be the first derivative of -1/3*l**3 + 1 + 2*l**2 - 4*l. Let y be (-3)/((-2 - 2) + 3). Give h(y).
-1
Let n = -1 + 4. Let s be 3 + 2 + -4 - n. Let i(d) = -2*d + 2. Calculate i(s).
6
Let o(u) be the second derivative of -u**4/12 - u**3 - 7*u**2/2 + 29*u + 31. Let j(l) = -l**2 + 5*l + 3. Let q be j(5). Let k = q + -9. What is o(k)?
-7
Let y = 58 + -55. Suppose 0 = y*x + 7*x - 10. Let s(v) = 5*v**2 - 1. Determine s(x).
4
Suppose 10*y - 11*y + 12 = 0. Suppose 0 = 5*t - y - 18. Let p(w) = -w**3 + 5*w**2 + 7*w - 8. Determine p(t).
-2
Let h(a) = a**3 + a**2 - a + 1. Let c = -26 - -35. Suppose -c*j = -6*j. What is h(j)?
1
Let h(k) = 5*k + 4 - 2*k + k + 2 + 2*k. What is h(-3)?
-12
Suppose w - 5*c - 17 = 0, -5*w + 25 = -2*c - 3*c. Let r = w + -7. Let s(x) be the third derivative of -x**4/24 - x**3 - 19*x**2. Calculate s(r).
-1
Let o(f) = -